est common factor of 275 and p?
55
Suppose -390 = 671*a - 681*a. Suppose -3*y = -y - 4. Suppose 4 = -4*c - y*k + 62, 0 = -2*c + 4*k + 14. What is the greatest common divisor of a and c?
13
Suppose -3*i - 20 = -7*i. Let k = 10 - i. Suppose -15 = -5*j + k*y, -j - 5*y + y + 13 = 0. What is the highest common divisor of 40 and j?
5
Let a = -1107 - -1126. Calculate the greatest common divisor of a and 817.
19
Let s(a) = -4*a + 1. Let i(o) = -5*o + 1. Suppose 3*c = -11 - 4. Let w(r) = c*i(r) + 6*s(r). Let d be w(8). Calculate the highest common factor of d and 63.
9
Suppose 5*b + 45 = 145. Let n be (-562)/10 - (-4)/b. Let q = -38 - n. Calculate the highest common divisor of q and 2.
2
Suppose 4 + 3 = u. Let b be 3/u + 18660/70. Let n = -148 + b. Calculate the highest common divisor of 17 and n.
17
Let n = -6237 + 6239. Let i(b) = 3*b - 7. Let t be i(5). Calculate the greatest common factor of t and n.
2
Let z be -2 + (3 - (2 + 0)). Let m = z + -3. Let d be m/2*(-3 - -1). What is the highest common divisor of 36 and d?
4
Suppose -9*o + 4*o = 0. Suppose o = 4*m + 4*j + 28, m - j = -0*m - 17. Let c be (-63)/(-12)*(-256)/m. Calculate the greatest common divisor of c and 14.
14
Suppose 2125 = 5*l + 3*r, -4*r - 2125 = -168*l + 163*l. What is the highest common factor of l and 17?
17
Let k(g) = g + 16. Let d be k(-9). Let m be d - ((-4)/(-3))/((-6)/9). What is the greatest common divisor of 2 and m?
1
Suppose 3*c - d = -2*d + 20, -5*c - 3*d + 28 = 0. Suppose b = -b + c. Let u = b + 14. What is the greatest common divisor of 27 and u?
9
Suppose 0 = f + 2*f - 78. Let y = -9 - f. Let z be (-14)/y - (-166)/10. What is the greatest common factor of 17 and z?
17
Let d(a) = -a**2 - 5*a. Let k be d(-6). Let h be (-10)/k + (-1)/(-3). Suppose n + h = -4*l, -24 + 2 = -n + 2*l. What is the greatest common factor of 98 and n?
14
Let h = 365 - 354. What is the greatest common factor of h and 407?
11
Suppose -7*n - n + 536 = 0. Let b = -40 + n. Calculate the greatest common factor of 36 and b.
9
Suppose 32 = 8*f - 7*f + 4*b, -f + 4*b = -8. Let o be 4/14 + 1118/7. Calculate the greatest common divisor of f and o.
20
Suppose -806 = -12*b + 4174. What is the highest common factor of b and 249?
83
Let b(a) = a. Let z be b(8). Suppose -z*g + 336 = -176. What is the highest common divisor of g and 8?
8
Let r(f) = 4*f**3 + 4*f**2 + 2*f - 3. Let h be r(3). Let u = 523 + -364. Suppose 7*z + 12 = u. Calculate the highest common factor of h and z.
21
Let x(c) = 0*c + 0*c + 3*c**2 + 102*c**3 - 101*c**3 - 3*c. Let o be x(6). What is the highest common divisor of 18 and o?
18
Let g(b) = 19*b**2 + b + 7. Let w be g(2). What is the highest common factor of w and 45?
5
Suppose 9*t = 235 + 35. Calculate the highest common divisor of t and 186.
6
Let k = 32 - -49. Suppose -16 = -w - 3*w. Suppose 2*l + 37 = 4*r + 7, 0 = -w*r + 3*l + 27. What is the greatest common divisor of r and k?
9
Suppose 903 = -91*p + 112*p. What is the highest common factor of p and 43?
43
Let p = 0 + 0. Let u(j) = 2*j + 111 - 12 - 11 - 34. Let i be u(p). Calculate the highest common divisor of 27 and i.
27
Let z = -3 - -28. Let o = z - 16. Suppose -5*d + q = 5*q - 176, 33 = d + 3*q. What is the greatest common divisor of d and o?
9
Let i(g) = 85*g + 3. Suppose 2 = -2*z, z + 4 = h - 2*z. Let u be i(h). Calculate the highest common divisor of 8 and u.
8
Let x = 12 - 4. Let h be (-3 + x/(-3))*3. Let l = h - -32. Calculate the greatest common factor of 15 and l.
15
Let v = -13 + 93. Suppose -4*x + v = -0*x. Calculate the highest common divisor of 30 and x.
10
Suppose p - 18 = 4*p. Let l(q) = -q**2 - 6*q + 10. Let r be l(p). What is the greatest common factor of 90 and r?
10
Let v(u) = -u**3 - 9*u**2 + 13*u. Let b be v(-12). What is the greatest common factor of 24 and b?
12
Let b = 2338 + -2292. Let x be (46/3)/((-6)/(-9)). Calculate the greatest common divisor of b and x.
23
Let w be 160/24 + (-4)/6. Suppose -m - m + u + w = 0, 4 = m - u. Calculate the highest common divisor of 16 and m.
2
Suppose 237*p + 1045 = 248*p. What is the greatest common factor of p and 19?
19
Let r be -5*((-12)/(-30) - 2). What is the greatest common factor of r and 1?
1
Suppose -5*j + 299 = -j - w, -w = j - 76. What is the highest common factor of j and 125?
25
Let l be 170*1/3*(-6)/(-4). Suppose 3*g - 4*u + 3*u + 10 = 0, 3*u = 5*g + 14. Let a be g/14 - (-1936)/112. Calculate the highest common divisor of a and l.
17
Suppose 66 = 261*f - 250*f. What is the highest common factor of f and 186?
6
Suppose 32 + 10 = 2*y. Suppose -y = 4*i + 67. Let o be -3*i/4*2. Calculate the greatest common factor of 3 and o.
3
Let t = 336 - 315. Let n(s) = s. Let c be n(7). What is the highest common divisor of t and c?
7
Let b = 1195 - 949. What is the highest common divisor of b and 3?
3
Let m = 12 + -8. Let n be (-5390)/(-25) - (-2)/5. Suppose u = m*u - n. What is the greatest common divisor of u and 9?
9
Let b = -26 - 10. Let u = 70 + b. Let g be u - (6/(-2) - -1). Calculate the highest common divisor of 4 and g.
4
Let j(w) = -3*w - 37. Suppose a = 0, 5*a = m + m + 30. Let r be j(m). Calculate the highest common factor of 72 and r.
8
Suppose 70 = 2*g - 3*j, -4*g = -9*g - 5*j + 125. What is the greatest common factor of 261 and g?
29
Let b be (-82)/8 + 6/(-8). Let n = b + 71. Let k = 31 + -19. Calculate the highest common divisor of k and n.
12
Suppose 0 = 6*k - 155 - 73. What is the highest common factor of 589 and k?
19
Suppose 2*o + 7*z - 1352 = 5*z, -5*o + 3340 = -3*z. What is the greatest common factor of 11 and o?
11
Suppose 4*i - 13*i + 189 = 0. Let z(u) = 22*u + 2. Let o be z(-2). Let y be o/((-4)/(4 - 2)). What is the greatest common factor of i and y?
21
Let l(j) = 4*j**3 - 5*j**2 + 4*j + 4. Let n be l(4). What is the greatest common divisor of n and 56?
28
Suppose -5*c = v - 1033, -v = -3*v + 6. Suppose -6*b = -c - 28. Calculate the highest common divisor of b and 351.
39
Let d be 1194/33 + 2/(-11). Suppose 4*y - 201 = -3*i, -2*i + 5*i = 4*y - 231. What is the highest common divisor of d and y?
18
Suppose 3 = -3*r + 12. Suppose -102 = -r*g - 14*g. What is the highest common divisor of 72 and g?
6
Let m(h) = -6*h + 1. Let d be m(0). Let a be (d*-12)/(0 - 2). Calculate the greatest common factor of a and 12.
6
Let o = -5 + 24. Let d = -36 - -38. Suppose -210 = -2*a - 4*j, 2*a + d*a = 2*j + 370. What is the greatest common factor of o and a?
19
Suppose -4*w - 4*m + 3*m = -283, 2*m - 62 = -w. What is the highest common divisor of w and 360?
72
Suppose -4*l + 47 = -3*d, 5*l + 4*d + 6 = 26. Let g(c) = -4 - 6*c**2 + 7*c + 1 + 0 - c**3 + 4. Let s be g(-7). Calculate the highest common divisor of s and l.
1
Let j be (10/(-6))/((-5)/18). Suppose 4*d = j*d - 66. Calculate the greatest common factor of 11 and d.
11
Suppose 0 = 3*m - 3*x - 30, 82 = -m + 6*m + 3*x. Let q be 132/21 - 6/21. Let z be 2/3 - (-206)/q. What is the highest common factor of m and z?
7
Let u = -215 - -320. What is the highest common factor of 21 and u?
21
Suppose 4*u - 28 = -3*u. Suppose 0 = u*k - 14 - 6. What is the highest common divisor of k and 1?
1
Let p = -33 + 45. Let w(s) = s**3 - 13*s**2 + 12*s + 6. Let x be w(p). Suppose -2*l - 80 = -x*l. Calculate the greatest common divisor of l and 100.
20
Let h = -543 - -555. What is the greatest common divisor of h and 56?
4
Let v(t) = 3*t**2 + 2*t - 9. Let m be v(3). What is the greatest common divisor of m and 4?
4
Let w = -1 + 6. Let h(d) = 6*d + 5. Let m be (0 - 2)/(8/(-20)). Let k be h(m). Calculate the greatest common factor of w and k.
5
Suppose 5*s - s - 40 = 0. Suppose 2*w = -2*c - 6, -3*c = 4*w - c + 2. Suppose w*r - 10 = s. What is the greatest common factor of r and 110?
10
Let y(c) = -32*c + 15. Let j be y(6). Let r be j/(-6) - 5/10. Let i = 36 - r. What is the highest common divisor of 14 and i?
7
Suppose 5*x + 2*v = x + 190, -3*v - 44 = -x. What is the highest common factor of x and 1551?
47
Let x be (-4 - 1720/(-15))*(-24)/(-16). Calculate the greatest common factor of x and 249.
83
Suppose 0 = -7*h + 16*h - 90. What is the highest common factor of 10 and h?
10
Let z(b) = -b**2 - 22*b + 70. Let c be z(-24). What is the highest common factor of c and 286?
22
Let h(v) = -12*v**2 + 75*v - 1. Let m be h(6). Calculate the 